{"id":797,"date":"2021-05-18T16:04:55","date_gmt":"2021-05-18T16:04:55","guid":{"rendered":"https:\/\/raggibjarna.webdev.is\/?page_id=797"},"modified":"2022-10-21T14:57:38","modified_gmt":"2022-10-21T14:57:38","slug":"photography-light-home","status":"publish","type":"page","link":"https:\/\/raggibjarna.webdev.is\/","title":{"rendered":"Photography Light Home"},"content":{"rendered":"<p><div class=\"fusion-fullwidth fullwidth-box fusion-builder-row-1 fusion-flex-container nonhundred-percent-fullwidth non-hundred-percent-height-scrolling\" style=\"background-color: var(--awb-color1);background-position: left top;background-repeat: no-repeat;border-width: 0px 0px 0px 0px;border-color:var(--awb-color3);border-style:solid;\" ><div class=\"fusion-builder-row fusion-row fusion-flex-align-items-stretch\" style=\"max-width:96.72%;margin-left: calc(-4% \/ 2 );margin-right: calc(-4% \/ 2 );\"><div class=\"fusion-layout-column fusion_builder_column fusion-builder-column-0 fusion_builder_column_3_4 3_4 fusion-flex-column\"><div class=\"fusion-column-wrapper fusion-flex-justify-content-flex-start fusion-content-layout-column\" style=\"background-position:left top;background-blend-mode: overlay;background-repeat:no-repeat;-webkit-background-size:cover;-moz-background-size:cover;-o-background-size:cover;background-size:cover;padding: 0px 0px 0px 0px;\"><\/div><style type=\"text\/css\">.fusion-body .fusion-builder-column-0{width:75% !important;margin-top : 0px;margin-bottom : 0px;}.fusion-builder-column-0 > .fusion-column-wrapper {padding-top : 0 !important;padding-right : 0px !important;margin-right : 3.84%;padding-bottom : 0px !important;padding-left : 0px !important;margin-left : 2.56%;}@media only screen and (max-width:1024px) {.fusion-body .fusion-builder-column-0{width:100% !important;}.fusion-builder-column-0 > .fusion-column-wrapper {margin-right : 1.92%;margin-left : 1.92%;}}@media only screen and (max-width:640px) {.fusion-body .fusion-builder-column-0{width:100% !important;}.fusion-builder-column-0 > .fusion-column-wrapper {margin-right : 1.92%;margin-left : 1.92%;}}<\/style><\/div><div class=\"fusion-layout-column fusion_builder_column fusion-builder-column-1 fusion_builder_column_1_4 1_4 fusion-flex-column\"><div class=\"fusion-column-wrapper fusion-flex-justify-content-center fusion-content-layout-column\" style=\"background-position:left top;background-blend-mode: overlay;background-repeat:no-repeat;-webkit-background-size:cover;-moz-background-size:cover;-o-background-size:cover;background-size:cover;padding: 0px 0px 0px 0px;\"><\/div><style type=\"text\/css\">.fusion-body .fusion-builder-column-1{width:25% !important;margin-top : 0px;margin-bottom : 0px;}.fusion-builder-column-1 > .fusion-column-wrapper {padding-top : 0px !important;padding-right : 0px !important;margin-right : 7.68%;padding-bottom : 0px !important;padding-left : 0px !important;margin-left : 3.84%;}@media only screen and (max-width:1024px) {.fusion-body .fusion-builder-column-1{width:100% !important;}.fusion-builder-column-1 > .fusion-column-wrapper {margin-right : 1.92%;margin-left : 1.92%;}}@media only screen and (max-width:640px) {.fusion-body .fusion-builder-column-1{width:100% !important;}.fusion-builder-column-1 > .fusion-column-wrapper {margin-right : 1.92%;margin-left : 1.92%;}}<\/style><\/div><\/div><style type=\"text\/css\">.fusion-body .fusion-flex-container.fusion-builder-row-1{ padding-top : 60px;margin-top : 0px;padding-right : 0px;padding-bottom : 60px;margin-bottom : 0px;padding-left : 0px;}@media only screen and (max-width:640px) {.fusion-body .fusion-flex-container.fusion-builder-row-1{ padding-top : 40px;padding-bottom : 40px;}}<\/style><\/div><div class=\"fusion-fullwidth fullwidth-box fusion-builder-row-2 fusion-flex-container hundred-percent-fullwidth non-hundred-percent-height-scrolling\" style=\"background-color: var(--awb-color2);background-position: left top;background-repeat: no-repeat;border-width: 0px 0px 0px 0px;border-color:var(--awb-color3);border-style:solid;\" ><div class=\"fusion-builder-row fusion-row fusion-flex-align-items-stretch\" style=\"width:calc( 100% + 0px ) !important;max-width:calc( 100% + 0px ) !important;margin-left: calc(-0px \/ 2 );margin-right: calc(-0px \/ 2 );\"><\/div><style type=\"text\/css\">.fusion-body .fusion-flex-container.fusion-builder-row-2{ padding-top : 0px;margin-top : 0px;padding-right : 0px;padding-bottom : 0px;margin-bottom : 0;padding-left : 0px;}<\/style><\/div><div class=\"fusion-fullwidth fullwidth-box fusion-builder-row-3 fusion-flex-container hundred-percent-fullwidth non-hundred-percent-height-scrolling\" style=\"background-color: var(--awb-color2);background-position: left top;background-repeat: no-repeat;border-width: 0px 0px 0px 0px;border-color:var(--awb-color3);border-style:solid;\" ><div class=\"fusion-builder-row fusion-row fusion-flex-align-items-stretch\" style=\"width:calc( 100% + 0px ) !important;max-width:calc( 100% + 0px ) !important;margin-left: calc(-0px \/ 2 );margin-right: calc(-0px \/ 2 );\"><div class=\"fusion-layout-column fusion_builder_column fusion-builder-column-2 fusion_builder_column_2_5 2_5 fusion-flex-column\"><div class=\"fusion-column-wrapper lazyload fusion-flex-justify-content-flex-start fusion-content-layout-column fusion-empty-column-bg-image\" style=\"background-position:center center;background-blend-mode: overlay;background-repeat:no-repeat;-webkit-background-size:cover;-moz-background-size:cover;-o-background-size:cover;background-size:cover;padding: 0px 0px 0px 0px;\" data-bg-url=\"https:\/\/raggibjarna.webdev.is\/wp-content\/uploads\/2022\/10\/rb-225x300.jpg\" data-bg=\"https:\/\/raggibjarna.webdev.is\/wp-content\/uploads\/2022\/10\/rb-225x300.jpg\"><img decoding=\"async\" class=\"fusion-empty-dims-img-placeholder fusion-no-large-visibility\" src=\"data:image\/svg+xml,%3Csvg%20xmlns%3D%27http%3A%2F%2Fwww.w3.org%2F2000%2Fsvg%27%20width%3D%27225%27%20height%3D%27300%27%20viewBox%3D%270%200%20225%20300%27%3E%3Crect%20width%3D%27225%27%20height%3D%27300%27%20fill-opacity%3D%220%22%2F%3E%3C%2Fsvg%3E\"><\/div><style type=\"text\/css\">.fusion-body .fusion-builder-column-2{width:40% !important;margin-top : 0px;margin-bottom : 0px;}.fusion-builder-column-2 > .fusion-column-wrapper {padding-top : 0px !important;padding-right : 0px !important;margin-right : 0px;padding-bottom : 0 !important;padding-left : 0px !important;margin-left : 0px;}@media only screen and (max-width:1024px) {.fusion-body .fusion-builder-column-2{width:100% !important;order : 0;}.fusion-builder-column-2 > .fusion-column-wrapper {margin-right : 0px;margin-left : 0px;}}@media only screen and (max-width:640px) {.fusion-body .fusion-builder-column-2{width:100% !important;order : 0;}.fusion-builder-column-2 > .fusion-column-wrapper {margin-right : 0px;margin-left : 0px;}}<\/style><\/div><div class=\"fusion-layout-column fusion_builder_column fusion-builder-column-3 fusion_builder_column_3_5 3_5 fusion-flex-column\"><div class=\"fusion-column-wrapper fusion-flex-justify-content-center fusion-content-layout-column\" style=\"background-position:left top;background-blend-mode: overlay;background-repeat:no-repeat;-webkit-background-size:cover;-moz-background-size:cover;-o-background-size:cover;background-size:cover;padding: 80px 10% 80px 10%;\"><style type=\"text\/css\">@media only screen and (max-width:1024px) {.fusion-title.fusion-title-1{margin-top:0px!important; margin-right:0px!important;margin-bottom:31px!important;margin-left:0px!important;}}@media only screen and (max-width:640px) {.fusion-title.fusion-title-1{margin-top:0px!important; margin-right:0px!important;margin-bottom:20px!important; margin-left:0px!important;}}<\/style><div class=\"fusion-title title fusion-title-1 fusion-sep-none fusion-title-text fusion-title-size-one\" style=\"font-size:var(--awb-typography1-font-size);margin-top:0px;margin-right:0px;margin-bottom:31px;margin-left:0px;\"><h1 class=\"title-heading-left\" style=\"font-family:var(--awb-typography1-font-family);font-weight:var(--awb-typography1-font-weight);font-style:var(--awb-typography1-font-style);margin:0;font-size:1em;letter-spacing:var(--awb-typography1-letter-spacing);text-transform:var(--awb-typography1-text-transform);line-height:var(--awb-typography1-line-height);\">Ragnar Bjarnason<\/h1><\/div><style type=\"text\/css\">@media only screen and (max-width:1024px) {.fusion-title.fusion-title-2{margin-top:0px!important; margin-right:0px!important;margin-bottom:31px!important;margin-left:0px!important;}}@media only screen and (max-width:640px) {.fusion-title.fusion-title-2{margin-top:0px!important; margin-right:0px!important;margin-bottom:20px!important; margin-left:0px!important;}}<\/style><div class=\"fusion-title title fusion-title-2 fusion-sep-none fusion-title-text fusion-title-size-two\" style=\"font-size:var(--awb-typography2-font-size);margin-top:0px;margin-right:0px;margin-bottom:31px;margin-left:0px;\"><h2 class=\"title-heading-left\" style=\"margin:0;font-size:1em;\">f.22.september &#8211; d.25.febr\u00faar 2020<\/h2><\/div><div class=\"fusion-text fusion-text-1\"><p>Hann f\u00e6ddist \u00ed l\u00edtilli ris\u00edb\u00fa\u00f0 a\u00f0 L\u00e6kjarg\u00f6tu 12a, sonur hj\u00f3nanna\u00a0<a class=\"new\" title=\"Bjarni B\u00f6\u00f0varsson (s\u00ed\u00f0a er ekki enn til)\" href=\"https:\/\/is.wikipedia.org\/w\/index.php?title=Bjarni_B%C3%B6%C3%B0varsson&amp;action=edit&amp;redlink=1\">Bjarna B\u00f6\u00f0varssonar<\/a>\u00a0og\u00a0<a class=\"new\" title=\"L\u00e1ra Magn\u00fasd\u00f3ttir (s\u00ed\u00f0a er ekki enn til)\" href=\"https:\/\/is.wikipedia.org\/w\/index.php?title=L%C3%A1ra_Magn%C3%BAsd%C3%B3ttir&amp;action=edit&amp;redlink=1\">L\u00e1ru Magn\u00fasd\u00f3ttur<\/a>\u00a0sem voru b\u00e6\u00f0i miki\u00f0 t\u00f3nlistarf\u00f3lk. M\u00f3\u00f0ir hans var ein fyrsta d\u00e6gurlagas\u00f6ngkona landsins og s\u00f6ng me\u00f0\u00a0<a class=\"new\" title=\"D\u00f3mkirkjuk\u00f3rinn (s\u00ed\u00f0a er ekki enn til)\" href=\"https:\/\/is.wikipedia.org\/w\/index.php?title=D%C3%B3mkirkjuk%C3%B3rinn&amp;action=edit&amp;redlink=1\">D\u00f3mkirkjuk\u00f3rnum<\/a>\u00a0\u00ed marga \u00e1ratugi. Fa\u00f0ir hans var hlj\u00f3msveitarstj\u00f3ri og hlj\u00f3msveit hans sem bar nafn hans var landsfr\u00e6g \u00e1 s\u00ednum t\u00edma.<\/p>\n<p>Ragnar h\u00f3f ekki t\u00f3nlistarferil sinn sem s\u00f6ngvari, heldur sem trommuleikari, en \u00feegar hann var 16 \u00e1ra s\u00f6ng hann \u00e1samt\u00a0<a title=\"Sigur\u00f0ur \u00d3lafsson\" href=\"https:\/\/is.wikipedia.org\/wiki\/Sigur%C3%B0ur_%C3%93lafsson\">Sigur\u00f0i \u00d3lafssyni<\/a>\u00a0inn \u00e1 lakkpl\u00f6tu tv\u00f6 l\u00f6g sem komu \u00fat \u00e1ratugum seinna \u00e1 safndiski \u00ed tilefni 75 \u00e1ra afm\u00e6lis hans.<\/p>\n<p>\u00c1ri\u00f0 1954 komu svo \u00fat fyrstu pl\u00f6turnar me\u00f0 s\u00f6ng Ragnars Bjarnasonar \u00e1 pl\u00f6tumerkinu\u00a0<a class=\"mw-redirect\" title=\"T\u00f3nika\" href=\"https:\/\/is.wikipedia.org\/wiki\/T%C3%B3nika\">T\u00f3nika<\/a>\u00a0sem\u00a0<a title=\"M\u00fasikb\u00fa\u00f0in\" href=\"https:\/\/is.wikipedia.org\/wiki\/M%C3%BAsikb%C3%BA%C3%B0in\">M\u00fasikb\u00fa\u00f0in<\/a>\u00a0gaf \u00fat alls fj\u00f3rar pl\u00f6tur.<\/p>\n<p>\u00c1 \u00e1runum 1955 &#8211; 1956 s\u00f6ng Ragnar me\u00f0al annars me\u00f0\u00a0<a class=\"new\" title=\"Hlj\u00f3msveit Svavars Gests (s\u00ed\u00f0a er ekki enn til)\" href=\"https:\/\/is.wikipedia.org\/w\/index.php?title=Hlj%C3%B3msveit_Svavars_Gests&amp;action=edit&amp;redlink=1\">Hlj\u00f3msveit Svavars Gests<\/a>\u00a0en \u00e1ri\u00f0 1956 var\u00f0 hann s\u00f6ngvari hj\u00e1\u00a0<a class=\"new\" title=\"KK sextetinn (s\u00ed\u00f0a er ekki enn til)\" href=\"https:\/\/is.wikipedia.org\/w\/index.php?title=KK_sextetinn&amp;action=edit&amp;redlink=1\">KK sextettinum<\/a>. \u00c1 \u00feeim t\u00edma komu \u00fat nokkrar pl\u00f6tur b\u00e6\u00f0i 78 og 45 sn\u00faninga \u00e1 merki\u00a0<a title=\"Hlj\u00f3\u00f0f\u00e6raverslun Sigr\u00ed\u00f0ar Helgad\u00f3ttur\" href=\"https:\/\/is.wikipedia.org\/wiki\/Hlj%C3%B3%C3%B0f%C3%A6raverslun_Sigr%C3%AD%C3%B0ar_Helgad%C3%B3ttur\">H.S.H<\/a>. 1959 h\u00e6tti Ragnar me\u00f0 KK sextettinum og gekk til li\u00f0s vi\u00f0 hlj\u00f3msveit\u00a0<a class=\"new\" title=\"Bj\u00f6rn R. Einarsson (s\u00ed\u00f0a er ekki enn til)\" href=\"https:\/\/is.wikipedia.org\/w\/index.php?title=Bj%C3%B6rn_R._Einarsson&amp;action=edit&amp;redlink=1\">Bj\u00f6rns R. Einarssonar<\/a>\u00a0en stoppa\u00f0i \u00fear stutt og var kominn \u00ed Hlj\u00f3msveit Svavars Gests \u00e1ri\u00f0 1960. Starfa\u00f0i Ragnar \u00fear til 1962 er hann flutti erlendis. Var erlendis til 1964 og vi\u00f0 heimkomuna gekk hann aftur til li\u00f0s vi\u00f0\u00a0<a class=\"new\" title=\"Svavar Gests (s\u00ed\u00f0a er ekki enn til)\" href=\"https:\/\/is.wikipedia.org\/w\/index.php?title=Svavar_Gests&amp;action=edit&amp;redlink=1\">Svavar<\/a>\u00a0en stofna\u00f0i s\u00edna eigin hlj\u00f3msveit \u00e1ri\u00f0 1965 \u00feegar Svavar h\u00e6tti me\u00f0 s\u00edna hlj\u00f3msveit. Hlj\u00f3msveit Ragnars Bjarnasonar spila\u00f0i \u00ed 19 \u00e1r \u00e1\u00a0<a title=\"H\u00f3tel Saga\" href=\"https:\/\/is.wikipedia.org\/wiki\/H%C3%B3tel_Saga\">H\u00f3tel S\u00f6gu<\/a>\u00a0en var l\u00f6g\u00f0 ni\u00f0ur \u00feegar ur\u00f0u skipulagsbreytingar \u00e1 h\u00f3telinu. \u00c1ri\u00f0 1972 stofna\u00f0i Ragnar \u00e1samt fleirum\u00a0<a class=\"new\" title=\"Sumargle\u00f0in (s\u00ed\u00f0a er ekki enn til)\" href=\"https:\/\/is.wikipedia.org\/w\/index.php?title=Sumargle%C3%B0in&amp;action=edit&amp;redlink=1\">Sumargle\u00f0ina<\/a>\u00a0og f\u00f3r h\u00fan um landi\u00f0 \u00fevert og endilangt \u00e1rum saman og var g\u00edfurlega vins\u00e6l.<\/p>\n<p>Ragnar gaf ekki efni \u00fat fr\u00e1 1976 til 1999. Hann starfa\u00f0i sem leigub\u00edlstj\u00f3ri og rak sjoppu. Um og eftir aldam\u00f3t gaf hann \u00fat allnokkrar pl\u00f6tur og vann Ragnar me\u00f0 \u00fdmsum t\u00f3nlistarm\u00f6nnum og gaf \u00fat samvinnupl\u00f6tur.<\/p>\n<\/div><div class=\"fusion-separator\" style=\"align-self: flex-end;margin-left:auto;margin-top:40px;margin-bottom:0px;width:100%;max-width:190px;\"><\/div><div class=\"fusion-text fusion-text-2\"><p><em><strong><span style=\"color: var(--awb-color7);\">\u201cI seek the place where grandmothers hold babies on their laps under the stars and whisper in their ears that the lights in the sky are holes in the floor of heaven.\u201d<\/span><\/strong><\/em><\/p>\n<\/div><div class=\"fusion-text fusion-text-3\" style=\"font-size:var(--awb-typography5-font-size);line-height:var(--awb-typography5-line-height);letter-spacing:var(--awb-typography5-letter-spacing);text-transform:var(--awb-typography5-text-transform);color:var(--awb-color7);font-family:var(--awb-typography5-font-family);font-weight:var(--awb-typography5-font-weight);font-style:var(--awb-typography5-font-style);\"><p>Sarah Iffil\u00a0 \u00a0\u2022\u00a0\u00a0\u00a0Photographer<\/p>\n<\/div><\/div><style type=\"text\/css\">.fusion-body .fusion-builder-column-3{width:60% !important;margin-top : 0px;margin-bottom : 0px;}.fusion-builder-column-3 > .fusion-column-wrapper {padding-top : 80 !important;padding-right : 10% !important;margin-right : 0px;padding-bottom : 80 !important;padding-left : 10% !important;margin-left : 0px;}@media only screen and (max-width:1024px) {.fusion-body .fusion-builder-column-3{width:100% !important;}.fusion-builder-column-3 > .fusion-column-wrapper {margin-right : 0px;margin-left : 0px;}}@media only screen and (max-width:640px) {.fusion-body .fusion-builder-column-3{width:100% !important;}.fusion-builder-column-3 > .fusion-column-wrapper {margin-right : 0px;margin-left : 0px;}}<\/style><\/div><\/div><style type=\"text\/css\">.fusion-body .fusion-flex-container.fusion-builder-row-3{ padding-top : 0px;margin-top : 0px;padding-right : 0px;padding-bottom : 0px;margin-bottom : 0;padding-left : 0px;}<\/style><\/div><div class=\"fusion-fullwidth fullwidth-box fusion-builder-row-4 fusion-flex-container hundred-percent-fullwidth non-hundred-percent-height-scrolling\" style=\"background-color: rgba(255,255,255,0);background-position: left top;background-repeat: no-repeat;border-width: 0px 0px 0px 0px;border-color:var(--awb-color3);border-style:solid;\" ><div class=\"fusion-builder-row fusion-row fusion-flex-align-items-stretch\" style=\"width:104% !important;max-width:104% !important;margin-left: calc(-4% \/ 2 );margin-right: calc(-4% \/ 2 );\"><\/div><style type=\"text\/css\">.fusion-body .fusion-flex-container.fusion-builder-row-4{ padding-top : 20px;margin-top : 0px;padding-right : 0px;padding-bottom : 20px;margin-bottom : 0px;padding-left : 0px;}<\/style><\/div><\/p>\n","protected":false},"excerpt":{"rendered":"","protected":false},"author":1,"featured_media":0,"parent":0,"menu_order":0,"comment_status":"closed","ping_status":"closed","template":"","meta":{"footnotes":""},"class_list":["post-797","page","type-page","status-publish","hentry"],"yoast_head":"<!-- This site is optimized with the Yoast SEO plugin v19.9 - https:\/\/yoast.com\/wordpress\/plugins\/seo\/ -->\n<title>Photography Light Home - Avada Photography Light<\/title>\n<meta name=\"robots\" content=\"index, follow, max-snippet:-1, max-image-preview:large, max-video-preview:-1\" \/>\n<link rel=\"canonical\" href=\"https:\/\/raggibjarna.webdev.is\/\" \/>\n<meta property=\"og:locale\" content=\"en_US\" \/>\n<meta property=\"og:type\" content=\"article\" \/>\n<meta property=\"og:title\" content=\"Photography Light Home - Avada Photography Light\" \/>\n<meta property=\"og:url\" content=\"https:\/\/raggibjarna.webdev.is\/\" \/>\n<meta property=\"og:site_name\" content=\"Avada Photography Light\" \/>\n<meta property=\"article:modified_time\" content=\"2022-10-21T14:57:38+00:00\" \/>\n<meta name=\"twitter:card\" content=\"summary_large_image\" \/>\n<meta name=\"twitter:label1\" content=\"Est. reading time\" \/>\n\t<meta name=\"twitter:data1\" content=\"5 minutes\" \/>\n<script type=\"application\/ld+json\" class=\"yoast-schema-graph\">{\"@context\":\"https:\/\/schema.org\",\"@graph\":[{\"@type\":\"WebPage\",\"@id\":\"https:\/\/raggibjarna.webdev.is\/\",\"url\":\"https:\/\/raggibjarna.webdev.is\/\",\"name\":\"Photography Light Home - Avada Photography Light\",\"isPartOf\":{\"@id\":\"https:\/\/raggibjarna.webdev.is\/#website\"},\"datePublished\":\"2021-05-18T16:04:55+00:00\",\"dateModified\":\"2022-10-21T14:57:38+00:00\",\"breadcrumb\":{\"@id\":\"https:\/\/raggibjarna.webdev.is\/#breadcrumb\"},\"inLanguage\":\"en-US\",\"potentialAction\":[{\"@type\":\"ReadAction\",\"target\":[\"https:\/\/raggibjarna.webdev.is\/\"]}]},{\"@type\":\"BreadcrumbList\",\"@id\":\"https:\/\/raggibjarna.webdev.is\/#breadcrumb\",\"itemListElement\":[{\"@type\":\"ListItem\",\"position\":1,\"name\":\"Home\",\"item\":\"https:\/\/raggibjarna.webdev.is\/\"},{\"@type\":\"ListItem\",\"position\":2,\"name\":\"Photography Light Home\"}]},{\"@type\":\"WebSite\",\"@id\":\"https:\/\/raggibjarna.webdev.is\/#website\",\"url\":\"https:\/\/raggibjarna.webdev.is\/\",\"name\":\"Avada Photography Light\",\"description\":\"Just another WordPress site\",\"potentialAction\":[{\"@type\":\"SearchAction\",\"target\":{\"@type\":\"EntryPoint\",\"urlTemplate\":\"https:\/\/raggibjarna.webdev.is\/?s={search_term_string}\"},\"query-input\":\"required name=search_term_string\"}],\"inLanguage\":\"en-US\"}]}<\/script>\n<!-- \/ Yoast SEO plugin. -->","yoast_head_json":{"title":"Photography Light Home - Avada Photography Light","robots":{"index":"index","follow":"follow","max-snippet":"max-snippet:-1","max-image-preview":"max-image-preview:large","max-video-preview":"max-video-preview:-1"},"canonical":"https:\/\/raggibjarna.webdev.is\/","og_locale":"en_US","og_type":"article","og_title":"Photography Light Home - Avada Photography Light","og_url":"https:\/\/raggibjarna.webdev.is\/","og_site_name":"Avada Photography Light","article_modified_time":"2022-10-21T14:57:38+00:00","twitter_card":"summary_large_image","twitter_misc":{"Est. reading time":"5 minutes"},"schema":{"@context":"https:\/\/schema.org","@graph":[{"@type":"WebPage","@id":"https:\/\/raggibjarna.webdev.is\/","url":"https:\/\/raggibjarna.webdev.is\/","name":"Photography Light Home - Avada Photography Light","isPartOf":{"@id":"https:\/\/raggibjarna.webdev.is\/#website"},"datePublished":"2021-05-18T16:04:55+00:00","dateModified":"2022-10-21T14:57:38+00:00","breadcrumb":{"@id":"https:\/\/raggibjarna.webdev.is\/#breadcrumb"},"inLanguage":"en-US","potentialAction":[{"@type":"ReadAction","target":["https:\/\/raggibjarna.webdev.is\/"]}]},{"@type":"BreadcrumbList","@id":"https:\/\/raggibjarna.webdev.is\/#breadcrumb","itemListElement":[{"@type":"ListItem","position":1,"name":"Home","item":"https:\/\/raggibjarna.webdev.is\/"},{"@type":"ListItem","position":2,"name":"Photography Light Home"}]},{"@type":"WebSite","@id":"https:\/\/raggibjarna.webdev.is\/#website","url":"https:\/\/raggibjarna.webdev.is\/","name":"Avada Photography Light","description":"Just another WordPress site","potentialAction":[{"@type":"SearchAction","target":{"@type":"EntryPoint","urlTemplate":"https:\/\/raggibjarna.webdev.is\/?s={search_term_string}"},"query-input":"required name=search_term_string"}],"inLanguage":"en-US"}]}},"_links":{"self":[{"href":"https:\/\/raggibjarna.webdev.is\/index.php\/wp-json\/wp\/v2\/pages\/797","targetHints":{"allow":["GET"]}}],"collection":[{"href":"https:\/\/raggibjarna.webdev.is\/index.php\/wp-json\/wp\/v2\/pages"}],"about":[{"href":"https:\/\/raggibjarna.webdev.is\/index.php\/wp-json\/wp\/v2\/types\/page"}],"author":[{"embeddable":true,"href":"https:\/\/raggibjarna.webdev.is\/index.php\/wp-json\/wp\/v2\/users\/1"}],"replies":[{"embeddable":true,"href":"https:\/\/raggibjarna.webdev.is\/index.php\/wp-json\/wp\/v2\/comments?post=797"}],"version-history":[{"count":20,"href":"https:\/\/raggibjarna.webdev.is\/index.php\/wp-json\/wp\/v2\/pages\/797\/revisions"}],"predecessor-version":[{"id":932,"href":"https:\/\/raggibjarna.webdev.is\/index.php\/wp-json\/wp\/v2\/pages\/797\/revisions\/932"}],"wp:attachment":[{"href":"https:\/\/raggibjarna.webdev.is\/index.php\/wp-json\/wp\/v2\/media?parent=797"}],"curies":[{"name":"wp","href":"https:\/\/api.w.org\/{rel}","templated":true}]}}